000011 (base 2) to base 16.
1103
What is -7ba (base 16) in base 4?
-132322
32435 (base 7) to base 8
17657
3131132 (base 4) to base 16
375e
1500 (base 9) to base 14
5b0
1412323 (base 5) to base 12
14a00
What is 2261 (base 11) in base 8?
5633
4005 (base 11) to base 7
21352
Convert 120212 (base 5) to base 6.
32304
Convert 14769 (base 11) to base 16.
5197
Convert -1005 (base 10) to base 12.
-6b9
What is -866 (base 16) in base 10?
-2150
-1202210 (base 3) to base 12
-8b6
Convert 7b0 (base 13) to base 8.
2456
What is -12202001 (base 3) in base 13?
-1ba0
What is -11606 (base 8) in base 7?
-20400
What is 478 (base 13) in base 7?
2155
Convert -100001011111 (base 2) to base 15.
-97d
What is -3e0 (base 15) in base 16?
-375
What is -4113 (base 9) in base 13?
-14a6
What is -6db3 (base 15) in base 11?
-165a1
-10110000000000 (base 2) to base 9
-16405
What is 10181 (base 11) in base 9?
22331
What is 1033 (base 7) in base 5?
2432
Convert -131a5 (base 11) to base 3.
-221212220
What is -1101000000011 (base 2) in base 12?
-3a2b
What is -3352 (base 14) in base 6?
-105100
Convert -1103510 (base 6) to base 12.
-27b96
Convert 6227 (base 14) to base 9.
25147
Convert -2694 (base 10) to base 5.
-41234
What is -1100010011011 (base 2) in base 3?
-22122022
Convert -1501 (base 6) to base 11.
-331
Convert 1663 (base 8) to base 9.
1262
Convert -4421440 (base 5) to base 11.
-52521
What is 11111110 (base 2) in base 15?
11e
Convert 144251 (base 6) to base 5.
421202
Convert 10312 (base 6) to base 13.
848
-372 (base 10) to base 6
-1420
Convert -147a (base 15) to base 12.
-265a
-1546 (base 9) to base 16
-498
-29c (base 14) to base 5
-4110
530 (base 6) to base 10
198
Convert -1010000001001100 (base 2) to base 15.
-c25b
What is -1011244 (base 5) in base 9?
-24506
Convert 12132 (base 4) to base 16.
19e
48372 (base 9) to base 8
77200
What is -1235 (base 8) in base 3?
-220210
What is -544243 (base 6) in base 14?
-125a3
What is -11110111 (base 2) in base 6?
-1051
12366 (base 8) to base 11
4039
What is -8762 (base 16) in base 11?
-24048
Convert -285 (base 14) to base 2.
-111111101
Convert 23b (base 12) to base 11.
285
Convert c9 (base 13) to base 10.
165
20140 (base 7) to base 11
3736
What is 112463 (base 7) in base 10?
20135
1b0a (base 16) to base 12
400a
1001010100 (base 2) to base 15
29b
Convert 442 (base 14) to base 13.
4ca
What is 4864 (base 11) in base 13?
2b85
-134644 (base 7) to base 14
-9524
Convert 2044 (base 6) to base 2.
111001100
-796d (base 14) to base 6
-241313
What is 11644 (base 7) in base 13?
1522
Convert 11010000001 (base 2) to base 3.
2021200
What is 738 (base 11) in base 14?
476
What is 5123 (base 8) in base 5?
41033
What is -9633 (base 11) in base 6?
-134553
What is 11201 (base 4) in base 5?
2403
What is 115115 (base 6) in base 14?
3a07
What is 5180 (base 9) in base 4?
323112
What is 86 (base 13) in base 10?
110
What is 4350 (base 10) in base 11?
32a5
-4763 (base 11) to base 4
-1201200
What is 121000 (base 7) in base 13?
9cb8
Convert 1110101 (base 2) to base 14.
85
-121000 (base 3) to base 4
-12300
475 (base 9) to base 5
3032
3451 (base 6) to base 15
39d
What is -3103 (base 5) in base 12?
-297
Convert 4411 (base 8) to base 16.
909
104300 (base 5) to base 6
25044
-5554 (base 6) to base 3
-1202221
41025 (base 8) to base 3
212012120
-111101100 (base 2) to base 6
-2140
What is b965 (base 12) in base 16?
4f9d
What is 734 (base 9) in base 10?
598
Convert 2033 (base 11) to base 5.
41243
-32002 (base 4) to base 3
-1020021
What is -50713 (base 8) in base 9?
-31645
Convert 4ab (base 14) to base 15.
425
What is -15 (base 10) in base 14?
-11
Convert 22000333 (base 4) to base 5.
2303043
537 (base 9) to base 11
36a
-20201 (base 3) to base 6
-501
e57b (base 16) to base 11
40157
-3024 (base 8) to base 12
-a98
What is -10001101101101 (base 2) in base 3?
-110102220
Convert -809d (base 14) to base 5.
-1201331
What is -1425413 (base 6) in base 9?
-133820
Convert 31312 (base 5) to base 3.
2212010
Convert 10000011111110 (base 2) to base 10.
8446
What is 2112212011 (base 3) in base 9?
75764
What is -12 (base 7) in base 11?
-9
What is -21101 (base 3) in base 13?
-124
12c95 (base 14) to base 9
70561
Convert -288 (base 13) to base 2.
-111000010
-6343 (base 7) to base 8
-4274
What is 100101000000 (base 2) in base 10?
2368
-10000000010 (base 2) to base 10
-1026
What is ab8 (base 13) in base 4?
130301
What is 1b1 (base 12) in base 2?
100010101
What is 829 (base 10) in base 2?
1100111101
Convert -101011011000 (base 2) to base 3.
-10210211
Convert -1560 (base 8) to base 13.
-529
What is 530 (base 9) in base 16?
1b0
What is 385 (base 11) in base 2?
111001000
-134 (base 5) to base 2
-101100
112222 (base 4) to base 2
10110101010
What is -110010001111 (base 2) in base 12?
-1a3b
What is -1033204 (base 5) in base 10?
-17929
Convert 10010000100011 (base 2) to base 3.
110200122
-1829 (base 16) to base 7
-24014
-484 (base 11) to base 7
-1452
What is 110020220 (base 3) in base 2?
10001011100110
Convert -43001 (base 5) to base 9.
-3845
1343 (base 15) to base 7
14664
3953 (base 13) to base 8
17764
9ac (base 14) to base 5
30131
14392 (base 11) to base 8
47715
Convert 19846 (base 10) to base 5.
1113341
-5310 (base 9) to base 16
-f39
Convert -4737 (base 13) to base 6.
-114213
Convert -63 (base 13) to base 3.
-10000
What is -42466 (base 8) in base 3?
-220022020
What is -31133 (base 4) in base 3?
-1011222
What is 10100101101011 (base 2) in base 14?
3c15
What is -23200020 (base 4) in base 3?
-2101121220
Convert -2303 (base 15) to base 3.
-101012010
Convert 2203032 (base 4) to base 10.
10446
What is 40 (base 16) in base 12?
54
560 (base 13) to base 10
923
Convert 1737 (base 11) to base 3.
10001011
What is 485 (base 15) in base 5?
13100
30114 (base 9) to base 5
1113102
-314 (base 6) to base 4
-1312
What is -101011010011 (base 2) in base 12?
-172b
-838 (base 12) to base 10
-1196
Convert 40450 (base 7) to base 13.
4627
What is -259 (base 15) in base 11?
-446
223301 (base 5) to base 9
11814
Convert 726 (base 12) to base 5.
13123
What is 13444 (base 6) in base 14?
ab2
Convert 1344115 (base 6) to base 5.
4413304
72ba (base 14) to base 4
10310310
Convert 10222101 (base 3) to base 8.
5523
-22354 (base 11) to base 13
-11969
Convert 202022 (base 3) to base 14.
2b2
7338 (base 14) to base 16
4d86
What is -43040 (base 9) in base 4?
-12330303
2652 (base 8) to base 6
10414
-314551 (base 6) to base 7
-134632
Convert 1b5 (base 12) to base 13.
188
-642 (base 7) to base 5
-2244
-36777 (base 8) to base 9
-23684
What is 3a7 (base 14) in base 8?
1337
What is -15a (base 15) in base 7?
-622
-2010 (base 5) to base 11
-212
Convert 2a63 (base 12) to base 9.
6733
Convert 46563 (base 8) to base 4.
10311303
4360 (base 10) to base 12
2634
Convert b23 (base 13) to base 7.
5335
180 (base 12) to base 2
11110000
Convert 66233 (base 8) to base 7.
144026
-25ae (base 15) to base 8
-17547
What is -2230001 (base 4) in base 14?
-4025
2146 (base 7) to base 3
1001111
What is -1001101101011 (base 2) in base 12?
-2a63
What is 5661 (base 7) in base 2?
100000000100
15d2 (base 14) to base 3
12100202
Convert -1216a (base 14) to base 4.
-22302202
-100001100100 (base 2) to base 7
-6156
41d (base 14) to base 16
32b
Convert 505 (base 8) to base 7.
643
Convert 8663 (base 10) to base 3.
102212212
-1032 (base 8) to base 16
-21a
-161 (base 13) to base 14
-13a
868 (base 15) to base 7
5351
-224 (base 14) to base 3
-120201
13524 (base 7) to base 8
7155
What is 8846 (base 9) in base 11?
499a
What is 516 (base 9) in base 2?
110100100
What is b462 (base 15) in base 3?
1221021202
What is -1011111101 (base 2) in base 15?
-360
What is 100202011 (base 3) in base 7?
26500
Convert 2405 (base 6) to base 16.
245
Convert 6 (base 7) to base 12.
6
-10000001110110 (base 2) to base 6
-102250
-12332031 (base 4) to base 2
-110111110001101
Convert 69e3 (base 15) to base 16.
57d8
Convert 2a2d (base 14) to base 8.
16501
23074 (base 10) to base 2
101101000100010
Convert -2893 (base 10) to base 6.
-21221
Convert 13413 (base 7) to base 6.
24500
e5 (base 15) to base 13
137
What is -1101111001000 (base 2) in base 13?
-3311
What is -500 (base 13) in base 6?
-3525
Convert 311411 (base 6) to base 10.
24991
1011001 (base 3) to base 2
1101000110
114224 (base 5) to base 10
4314
-22551 (base 7) to base 